t f(h) = 27*h + 48. Let j be f(-6). Let g = j - -131. Calculate the remainder when g is divided by 5.
2
Let s be ((-28)/(-1) - 0/(-11))/2. Suppose 3*c - s = 2*c. What is the remainder when 40 is divided by c?
12
Let u = -31 - -60. Let x(t) = -11*t + 34. Let r be x(12). Let s = -89 - r. Calculate the remainder when u is divided by s.
2
Let z be 2/(-10) + (-3840)/(-75). Suppose -2*y = y - 111. Let o = z - y. Calculate the remainder when 67 is divided by o.
11
Let s = -1304 + 1406. What is the remainder when s is divided by 44?
14
Suppose k - m = 2, -k + 5*k - 10 = 3*m. Suppose 0 = -3*y + j + 650, -3*j = -20*y + 24*y - 858. What is the remainder when -3*7*(y/(-28))/9 is divided by k?
2
Suppose 2*p - 3*p - 869 = -5*j, -4*p - 362 = -2*j. Suppose 0 = -9*y + 97 + j. What is the remainder when 54 is divided by y?
24
Let q be 9/(2 - 38/18). Let d = q - -85. Calculate the remainder when 22 + 1*d/(-4) is divided by 6.
3
Suppose 163 = t - b, -484 = -3*t - 23*b + 21*b. Calculate the remainder when 4049 is divided by t.
161
Calculate the remainder when ((-20)/(-7)*-97)/(1 - (-288)/(-224)) is divided by 955.
15
Suppose 0 = -401*h + 5791 + 10650. Suppose 2*j - 60 = -2*j. What is the remainder when h is divided by j?
11
Suppose -12*p - 10152 = -66*p. Suppose 6*l - p + 50 = 0. Let u(y) = 23*y - 2. What is the remainder when u(4) is divided by l?
21
Suppose 35*p + 79 = v + 40*p, 2*v - 3*p = 93. Let c be (1/(-1))/(1/(-159)). Calculate the remainder when c*(-6)/(-9)*1 is divided by v.
52
Suppose 0 = -27*l + 35*l - 560. Suppose -l*k = -72*k - 3*n, -2*n = 8. Suppose -4*c = -6 - 50. Calculate the remainder when c is divided by k.
2
Let h = -98 - -100. Suppose -4*m + 5*b = 8, m + 4*b + 2 = 5*b. Calculate the remainder when h/1 - m*22 is divided by 24.
22
Let o = 2115 + -1948. Calculate the remainder when 10017 is divided by o.
164
Suppose 0 = f - 3 + 6, 2*b - 4*f = -26. Let s = 17 - b. Let d(h) = h**2 + 18*h + 36. Calculate the remainder when s is divided by d(-17).
17
Let h(q) = 15*q - 39. Suppose 110*k = 84*k + 260. Calculate the remainder when h(k) is divided by 38.
35
Suppose b - 4576 = -5*u - 0*b, 2764 = 3*u - 4*b. Suppose 182*k = 244*k - 6324. What is the remainder when u is divided by k?
100
Let z(l) = 18*l**2 + 2*l + 683. Calculate the remainder when z(0) is divided by 666.
17
Let p = 6131 + -5564. Calculate the remainder when p is divided by 8.
7
Let h = 53 + 112. Suppose 31*y = 5*m + 26*y - h, 5*y = -4*m + 123. Calculate the remainder when 154 is divided by m.
26
Suppose -x - 5*l - 5 = 12, 3*x - 5*l = 29. Suppose x*b - 6*b + 60 = 0. What is the remainder when 8/20 + 1052/b is divided by 14?
11
Suppose -2*d = -10 - 22. Let a = -12 + d. Suppose c - w = 21, 3*c + 51 - 149 = -4*w. What is the remainder when c is divided by a?
2
Let a = 499 - 448. Let b = a + 5. What is the remainder when 334 is divided by b?
54
Let o(j) = 2367*j - 118340. Let k = -2 - -6. Calculate the remainder when o(50) is divided by k.
2
Let g(r) = -3*r**3 + 28*r**2 + 28*r - 73. What is the remainder when g(9) is divided by 62?
12
Suppose -4*p + 189 = -2*w - 105, 0 = -p + w + 76. Suppose 0 = 7*t + 26*t. Suppose 18*u - 20*u + 48 = t. What is the remainder when p is divided by u?
23
Let a(l) = 2*l**2 + 3*l - 2. Let y be a(1). Suppose 0*p + 633 = y*p. Let o = -108 + p. What is the remainder when o is divided by 26?
25
Suppose -3*d = 161807 - 166172. Calculate the remainder when d is divided by 162.
159
Suppose 53*j + 56 = -3*j. What is the remainder when (-6)/15 - (-182)/5 is divided by (-26 - -32) + (-7)/j?
10
Let m = -4625 + 4720. Calculate the remainder when 473 is divided by m.
93
Let q = -2080 - -2091. Calculate the remainder when 27 is divided by q.
5
Suppose 0 = 11*l - 258 - 237. What is the remainder when 2/((-4)/22*2/(-16)) is divided by l?
43
Let v be (-3)/(-15)*1 + 136/20. Let i be (-4)/(-14) + (271/v - -1). Let n = i - 5. Calculate the remainder when 67 is divided by n.
32
Suppose 0 = 4*k + 5*c - 744, 89*k - 96*k + 1283 = 4*c. Calculate the remainder when 8141 is divided by k.
177
Let m = -1936 + 3119. Calculate the remainder when m is divided by 74.
73
Let w(m) = 1409*m - 8422. Suppose 2*p = -2, p + 2*p = -j + 3. Calculate the remainder when w(6) is divided by j.
2
Suppose -12 + 34 = 2*j. Suppose 5*t = 2*u - j, -3*u - 12 = -4*u - 4*t. What is the remainder when 8 is divided by u?
0
Let j(c) = 2*c**2 - 2*c + 1. Calculate the remainder when 10 + (-6)/((-90)/345) is divided by j(3).
7
Let g be ((-2)/(-6) + 1)/(16/(-1032)). Let d = -83 - g. Suppose 0 = d*r - 8 - 325. Calculate the remainder when r is divided by 38.
35
Let k = 130 + -59. Let n be 4/40 - 1/10. Suppose n = 10*a + a - 286. Calculate the remainder when k is divided by a.
19
Suppose 9*q - 4*q = -5. Let s(b) = -278*b + 138*b + 45*b**2 + 141*b. Calculate the remainder when s(q) is divided by 23.
21
What is the remainder when 4479 is divided by ((-924)/360 - (-1)/6)*(-140)/12?
27
Let i = -14 - -28. Suppose -2*v = -5*s + 593, 0 = -v - 0 + 1. Let x = 200 - s. Calculate the remainder when x is divided by i.
11
Suppose -y - 454 - 328 = -3*f, 0 = -3*f + 5*y + 766. What is the remainder when f is divided by 132?
130
Suppose -2*f + 1020 = 2*a, 1099 = 3*a + f - 439. Suppose -105 = -a*g + 511*g. Calculate the remainder when 94 is divided by g.
24
Let k = -324796 - -324915. Let p(t) = t**3 + 9*t**2 + 9*t + 6. Calculate the remainder when k is divided by p(-6).
59
Let h(a) = 3*a**2 - 2*a + 4. Let n be h(2). Suppose n + 6 = x. What is the remainder when (-2 + (-1 - -7))*(-1335)/(-60) is divided by x?
17
Let m = -564 + 570. Let z(a) = 12*a + 31. Calculate the remainder when z(m) is divided by 35.
33
Suppose 0 = 4507*u - 4441*u - 37224. Calculate the remainder when u is divided by 193.
178
Suppose -2*o = -4*u - 28 + 360, u = -3*o + 83. What is the remainder when 822 is divided by u?
75
Let d(c) = 6*c**2 - 3*c - 12. Suppose 2*t - 19 + 25 = 0. Calculate the remainder when 146 is divided by d(t).
44
Let g = -329 - -315. What is the remainder when 10 is divided by (g/7)/(8/(-28))?
3
Let k = 22015 + -21589. Calculate the remainder when k is divided by 88.
74
Let w(z) = -15*z**3 - 2*z**2 - 5*z + 6. Let y be w(1). Let p = 53 + y. Let t(x) = x + 13. Calculate the remainder when p is divided by t(0).
11
Let c(p) = 5*p**2 - 3*p - 4. Let t = 33 + -41. Let x be c(t). What is the remainder when (-20)/35 + x/7 is divided by 17?
14
Let v(p) = -22*p + 334. Calculate the remainder when v(3) is divided by 66.
4
Suppose -2*q + 114 + 1061 = 5*t, -t = -q - 228. What is the remainder when 927 is divided by t?
228
Suppose -100*f + 4970 = -630. Let d = 41 - 68. Let a = d - -42. Calculate the remainder when f is divided by a.
11
Suppose g = 4*l + 33, -4*g + 2*l = -40 - 50. What is the remainder when 1549 is divided by g?
16
Suppose 0*c - 15 = -c. Calculate the remainder when (18/(-48)*-2)/((-48)/598208*-13) is divided by c.
14
Calculate the remainder when (-57425)/(-55) - 25 - (-2)/(-22) is divided by 330.
29
What is the remainder when (-210)/700 - 22006/(-20) is divided by 359?
23
Suppose -24 = -25*a + 19*a. Let q(l) = 2*l - 6. Let h be q(4). Suppose a*p - 19 = 3*p + h*k, 0 = -2*p + k + 23. What is the remainder when 97 is divided by p?
7
Let v(p) = p**2 + 9*p + 6. Let n be v(-8). Suppose 5*t - 472 = -3*t. What is the remainder when t is divided by 1 - (-2)/n*-11?
11
Let c be 93/2*(9 + -4 - 3). Suppose -y + 520 = 5*w, -w + 17*y = 15*y - c. Calculate the remainder when w is divided by 59.
44
Suppose 22*q + 129 - 525 = 0. What is the remainder when q is divided by -2 + 12/4 - -6?
4
Suppose -10*h = -h + 36. Let i(g) = -6*g**3 - 6*g**2 - 5*g - 3. What is the remainder when i(h) is divided by 28?
25
Suppose -1928 - 2746 = -19*s. Calculate the remainder when 494 is divided by s.
2
Let m(s) = -2*s + 1. Suppose 110*n = 102*n + 72. What is the remainder when m(-10) is divided by n?
3
Let o be (-1)/2 - (-45)/6. Suppose -70 = -h - 42. What is the remainder when h is divided by o/2*252/49?
10
Suppose -1754*l = -1699*l - 825. Calculate the remainder when 2/(-8) - (-1778)/8 is divided by l.
12
Let c(h) = -2*h**2 + 6. Let j be c(3). Let g be j/(15/(-5))*(-2)/(-4). Calculate the remainder when 93 is divided by (-351)/(-18) + g/(-4).
17
Let r be (-2 + (6 - 1) - 0) + -9. Let q 